of 928?
9
What is the ten thousands digit of 19660?
1
What is the hundreds digit of 1160?
1
What is the tens digit of 10640?
4
What is the hundreds digit of 1362?
3
What is the tens digit of 875?
7
What is the thousands digit of 1189?
1
What is the thousands digit of 58275?
8
What is the tens digit of 9090?
9
What is the hundreds digit of 6353?
3
What is the hundreds digit of 1389?
3
What is the units digit of 159?
9
What is the units digit of 36079?
9
What is the thousands digit of 48338?
8
What is the tens digit of 3674?
7
What is the hundreds digit of 9950?
9
What is the thousands digit of 22114?
2
What is the ten thousands digit of 124708?
2
What is the tens digit of 2782?
8
What is the tens digit of 15665?
6
What is the units digit of 9659?
9
What is the hundreds digit of 1013?
0
What is the hundreds digit of 4724?
7
What is the tens digit of 8185?
8
What is the hundreds digit of 5983?
9
What is the tens digit of 7473?
7
What is the units digit of 2265?
5
What is the thousands digit of 30371?
0
What is the ten thousands digit of 39280?
3
What is the hundreds digit of 661?
6
What is the hundreds digit of 226?
2
What is the tens digit of 1351?
5
What is the thousands digit of 92441?
2
What is the ten thousands digit of 23570?
2
What is the tens digit of 58?
5
What is the tens digit of 22798?
9
What is the tens digit of 3771?
7
What is the hundreds digit of 695?
6
What is the thousands digit of 9288?
9
What is the tens digit of 68757?
5
What is the units digit of 643?
3
What is the units digit of 5189?
9
What is the tens digit of 159879?
7
What is the hundreds digit of 1662?
6
What is the tens digit of 1232?
3
What is the hundreds digit of 66839?
8
What is the units digit of 17665?
5
What is the ten thousands digit of 36973?
3
What is the units digit of 16252?
2
What is the thousands digit of 5820?
5
What is the ten thousands digit of 14485?
1
What is the tens digit of 2179?
7
What is the units digit of 2409?
9
What is the tens digit of 685?
8
What is the tens digit of 76657?
5
What is the units digit of 3996?
6
What is the thousands digit of 1129?
1
What is the hundreds digit of 499?
4
What is the hundreds digit of 1714?
7
What is the hundreds digit of 1277?
2
What is the tens digit of 532?
3
What is the tens digit of 965?
6
What is the hundreds digit of 11040?
0
What is the hundreds digit of 662?
6
What is the units digit of 436?
6
What is the thousands digit of 14356?
4
What is the units digit of 725?
5
What is the hundreds digit of 184?
1
What is the thousands digit of 2783?
2
What is the tens digit of 658?
5
What is the hundreds digit of 188?
1
What is the hundreds digit of 4823?
8
What is the tens digit of 10645?
4
What is the thousands digit of 5040?
5
What is the tens digit of 109?
0
What is the ten thousands digit of 59495?
5
What is the thousands digit of 8781?
8
What is the hundreds digit of 14727?
7
What is the ten thousands digit of 19773?
1
What is the tens digit of 3640?
4
What is the hundreds digit of 4780?
7
What is the thousands digit of 93550?
3
What is the units digit of 2878?
8
What is the tens digit of 29?
2
What is the hundreds digit of 478?
4
What is the units digit of 2954?
4
What is the hundreds digit of 23697?
6
What is the tens digit of 39350?
5
What is the hundreds digit of 2399?
3
What is the thousands digit of 35463?
5
What is the tens digit of 111030?
3
What is the ten thousands digit of 11190?
1
What is the units digit of 107161?
1
What is the thousands digit of 4327?
4
What is the ten thousands digit of 46326?
4
What is the units digit of 4280?
0
What is the thousands digit of 7301?
7
What is the hundreds digit of 3933?
9
What is the tens digit of 54734?
3
What is the units digit of 5963?
3
What is the tens digit of 909?
0
What is the units digit of 37458?
8
What is the thousands digit of 3362?
3
What is the hundreds digit of 8717?
7
What is the tens digit of 2354?
5
What is the thousands digit of 1595?
1
What is the units digit of 63833?
3
What is the hundreds digit of 18511?
5
What is the units digit of 643?
3
What is the ten thousands digit of 13096?
1
What is the thousands digit of 28392?
8
What is the hundreds digit of 9271?
2
What is the hundreds digit of 17013?
0
What is the ten thousands digit of 17271?
1
What is the units digit of 5856?
6
What is the tens digit of 1105?
0
What is the tens digit of 4383?
8
What is the thousands digit of 8039?
8
What is the hundreds digit of 6587?
5
What is the units digit of 4713?
3
What is the tens digit of 21137?
3
What is the units digit of 1943?
3
What is the hundreds digit of 2233?
2
What is the tens digit of 11633?
3
What is the tens digit of 719?
1
What is the hundreds digit of 71622?
6
What is the units digit of 8662?
2
What is the hundreds digit of 29730?
7
What is the thousands digit of 104124?
4
What is the units digit of 691?
1
What is the units digit of 1528?
8
What is the hundreds digit of 1479?
4
What is the hundreds digit of 21100?
1
What is the hundreds digit of 34053?
0
What is the hundreds digit of 852?
8
What is the thousands digit of 5309?
5
What is the ten thousands digit of 20550?
2
What is the units digit of 14311?
1
What is the units digit of 3384?
4
What is the thousands digit of 1345?
1
What is the tens digit of 24995?
9
What is the tens digit of 93259?
5
What is the tens digit of 6101?
0
What is the tens digit of 323?
2
What is the hundred thousands digit of 147414?
1
What is the hundreds digit of 12247?
2
What is the units digit of 8154?
4
What is the thousands digit of 6981?
6
What is the units digit of 483?
3
What is the units digit of 4788?
8
What is the hundreds digit of 5876?
8
What is the hundreds digit of 1955?
9
What is the thousands digit of 4917?
4
What is the thousands digit of 21814?
1
What is the tens digit of 2233?
3
What is the tens digit of 15?
1
What is the tens digit of 6497?
9
What is the units digit of 4003?
3
What is the hundreds digit of 78422?
4
What is the tens digit of 131407?
0
What is the units digit of 25089?
9
What is the hundreds digit of 2718?
7
What is the tens digit of 61373?
7
What is the thousands digit of 12981?
2
What is the hundreds digit of 871?
8
What is the hundreds digit of 3373?
3
What is the units digit of 1982?
2
What is the tens digit of 4161?
6
What is the units digit of 7138?
8
What is the units digit of 5692?
2
What is the hundreds digit of 26720?
7
What is the units digit of 10583?
3
What is the tens digit of 3148?
4
What is the units digit of 3628?
8
What is the tens digit of 40055?
5
What is the units digit of 48899?
9
What is the tens digit of 1204?
0
What is the hundreds digit of 30935?
9
What is the units digit of 1563?
3
What is the hundreds digit of 59959?
9
What is the thousands digit of 1473?
1
What is the hundreds digit of 7748?
7
What is the hundreds digit of 42749?
7
What is the hundreds digit of 804?
8
What is the units digit of 1597?
7
What is the tens digit of 26605?
0
What is the tens digit of 14?
1
What is the ten thousands digit of 10990?
1
What is the units digit of 942?
2
What is the units digit of 18584?
4
What is the hundreds digit of 2332?
3
What is the hundreds digit of 14588?
5
What is the thousands digit of 1585?
1
What is the thousands digit of 4300?
4
What is the hundreds digit of 1386?
3
What is the tens digit of 13918?
1
What is the thousands digit of 3420?
3
What is the hundreds digit of 830?
8
What is the hundreds digit of 20914?
9
What is the units digit of 831?
1
What is the tens digit of 11758?
5
What is the units digit of 796?
6
What is the units digit of 603?
3
What is the units digit of 1302?
2
What is the tens digit of 15705?
0
What is the ten thousands digit of 49737?
4
What is the tens digit of 7637?
3
What is the thousands digit of 1536?
1
What is the hundreds digit of 7059?
0
What is the units digit of 7302?
2
What is the hundreds digit of 2050?
0
What is the units digit of 156?
6
What is the units digit of 2235?
5
What is the tens digit of 13601?
0
What is the thousands digit of 151975?
1
What is the units digit of 87044?
4
What is the tens digit of 73644?
4
What is the tens digit of 107772?
7
What is the thousands digit of 5492?
5
What is the tens digit of 137002?
0
What is the tens digit of 775?
7
What is the thousands digit of 14535?
4
Wh